 = 0. Is w a prime number?
False
Let d = 4 + -1. Suppose -2*k + 6 = 2*y, 0 = 5*k - y + 2*y - d. Suppose k*v + 2*v = 42. Is v a composite number?
True
Let t(k) = k**2 + 2*k - 3. Let m be t(-3). Suppose i - 5*n + 99 = 4*i, -n - 3 = m. Is i a composite number?
True
Suppose 2*p + 402 + 432 = 4*h, -5*p - 5 = 0. Suppose -4*m - 72 = -h. Is m a composite number?
True
Let x = 211 - 62. Is x a composite number?
False
Let p be (-2)/(164/(-52) - -3). Let a(o) = 9*o + 10. Is a(p) a composite number?
False
Suppose -4*o - 5*q + 17 = 0, -5 - 2 = -4*o - 3*q. Is 962/8*(-8)/o a prime number?
False
Let x = -2 - -4. Suppose -6*o + 28 = -x*o. Is o composite?
False
Suppose -2*q + 1748 = -4*t, -2602 = -3*q + 2*t + 4. Is q a prime number?
False
Let q be (-1 + 3)*-1 - 38. Let d = q + 96. Suppose -2*g = -d - 6. Is g prime?
True
Let i(z) = -z - 11. Let o be i(-7). Let j be o*((-3)/2 + 1). Suppose -j*c = l - 101, 75 = 2*c - 4*l - 11. Is c prime?
False
Suppose -114 - 13 = -q. Is q a prime number?
True
Suppose -5*u + 1058 + 207 = 0. Suppose -a + u = -4*f, 8*f + 1310 = 5*a + 3*f. Is a composite?
True
Suppose 3*j + 4*y = -y + 31, -5*j = -5*y + 15. Suppose -j*m - m - 2499 = -2*s, -3745 = -3*s + m. Is (-3)/15 - s/(-15) prime?
True
Let x(s) = 33*s - 1. Let p(c) = -11*c. Let j(o) = -17*p(o) - 6*x(o). Is j(-11) a prime number?
True
Let c(r) = 652*r**2 - r + 2. Is c(1) composite?
False
Suppose -4*t + k = -7*t + 1, -2*t + 4 = 4*k. Let b = 2 - t. Let p(a) = 16*a - 1. Is p(b) prime?
True
Let x(l) = -57*l. Let g be x(-2). Is (21/6)/(3/g) prime?
False
Let k(b) = -9 - 2*b**2 - b + 12 + 4*b**2 + 13*b. Let v be 1 - 2/((-4)/(-18)). Is k(v) composite?
True
Let z(a) = 19*a + 6. Suppose 6 + 5 = y. Is z(y) prime?
False
Suppose 0 = j + 4*j - 15, 4*j - 3424 = -4*z. Is z a composite number?
False
Suppose 0 = -5*l - 3*d + 24, 3*l + 4*d = 7 + 14. Let s be 4 + (-2 + 7 - l). Suppose -3*o = -0*o - s. Is o a prime number?
True
Suppose 3*v - 5*x = 0, -x - 2*x = 2*v. Let t = 0 + 9. Suppose 3*j = -v*j + t. Is j composite?
False
Is 668/(3/((-12)/(-8))) a composite number?
True
Suppose -2*w = 4*y - 310, 4*w = -0*y - 5*y + 632. Is w prime?
True
Let i = 112 - 33. Is i a prime number?
True
Let c be 905/7 - (-6)/(-21). Suppose c = 5*a - 56. Is a a composite number?
False
Let c = -101 - 36. Let s = 271 + c. Suppose 2*u - 3*v = -v + 134, 2*u - s = -2*v. Is u a composite number?
False
Let r(p) = -p**3 + p**2 - p. Let x be r(2). Is (-2679)/(-6) + x/4 a prime number?
False
Let x be (-3 - -4) + -1*1. Suppose -n + 4 - 1 = x. Suppose 5*g - 155 = 2*j, 0 = -n*g - 2*j + 67 + 26. Is g prime?
True
Let a = -9 - -13. Suppose -188 = 2*p - a*p. Suppose -3 = 3*y, -x - 2*y + p = -7*y. Is x prime?
True
Let n = 18 + -10. Suppose n = 3*m + g, m - 8 = 3*m - 2*g. Is 23 - 6/(m - -2) a composite number?
True
Let n be (-6)/2*2/6. Is 327/15 + n/(-5) a composite number?
True
Let m(z) = 3*z**3 - 4*z**2 + 5*z - 5. Let o be m(5). Suppose -267 = 3*q - 8*q - 2*r, -5*r = -5*q + o. Is q a composite number?
True
Let b(v) = 24*v**3 - 3*v + 2. Let q be b(1). Suppose -131 = -2*z + q. Is z a composite number?
True
Is (-319)/(-4) + (-12)/16 a composite number?
False
Let k(g) = -5*g**3 + 3*g**2 + 10*g - 5. Is k(-6) composite?
False
Let c(f) be the second derivative of 85*f**3/6 - f. Let d be c(1). Suppose -5*p = -p + j - 89, -5*p + d = -4*j. Is p a composite number?
True
Suppose -93 = -5*q + v, -2*v - 34 = -q - q. Is q a composite number?
False
Suppose 3*n = n + 1102. Is n a composite number?
True
Let k(r) = 4*r + 7. Let c(u) = 15*u + 28. Let a(f) = 2*c(f) - 9*k(f). Is a(-7) composite?
True
Let c(m) be the third derivative of m**4/24 + 3*m**3/2 + 2*m**2. Let z be c(-7). Suppose -51 = -i + z*a, -5*i + i + 215 = 3*a. Is i a composite number?
False
Is ((-134)/3)/(12/(-54)) a prime number?
False
Suppose -5*t + 3135 = -5*u, t + u + 1258 = 3*t. Is t composite?
False
Is (-3427)/(-92) + (2 - 1)/(-4) a prime number?
True
Let t(i) = 8*i - 1. Is t(7) a prime number?
False
Suppose 2 = -2*p, o + 785 - 7307 = p. Is o prime?
True
Let n be (-4)/6*65898/(-28). Suppose -2*o = m - 787, 2*m = -4*o + m + n. Is o prime?
False
Let o(v) = 63*v**2 + 2*v - 2. Let i be o(3). Suppose 3*r - 2*r + 5*l - 568 = 0, i = r + 4*l. Is r prime?
False
Let k(d) = -d**2 + 3*d - 4. Let w be k(3). Let b(t) = -t**2 - 10*t - 3. Is b(w) composite?
True
Let o be 2/(-6) + (-32)/(-6). Suppose -o*a - 429 = 2*d - 2*a, 0 = -2*a + 2. Is -1 + (-2 - d) + 2 a prime number?
False
Suppose 0 = -4*a + 61 + 15. Let s = a - 4. Suppose m + 4*r - s = -r, -r = -3*m + 109. Is m composite?
True
Let d(a) = 7*a**3 - 3*a**2 - a - 2. Suppose 3*u + 3 = 4*u - k, -u - 3*k = -3. Is d(u) a composite number?
False
Suppose 0 = 3*o + 4*g - 9, -o + 3*o + 4*g - 6 = 0. Let m be (-2)/(-6) + 380/o. Let y = -74 + m. Is y a composite number?
False
Let z = -8 + 4. Is ((-2)/z)/(1/74) prime?
True
Suppose -5*s + 5*n + 11672 = 3*n, -3*n = -3*s + 6996. Suppose 2*l + 2*z + 2906 = 7*l, 4*l + 4*z = s. Is (-2)/(-6) + l/9 a composite number?
True
Suppose -5*k - 10 = 0, 393 = 3*v + 4*k + 107. Suppose 5*z = o - v - 170, 4*o - 4*z = 1152. Is o prime?
True
Suppose 0 = n + 2*n - 2*d - 82, 2*n = -2*d + 68. Suppose 3*h - 5*h = -n. Let q = h + 16. Is q a composite number?
False
Let l = 1506 + 2095. Is l composite?
True
Let b = 11 + -6. Suppose -5*u = -3*y - b, y - 3*u = 4*y - 3. Suppose 0*g - g + 43 = y. Is g prime?
True
Suppose 5*z - 54 = -b + 296, -344 = -b - 2*z. Let r = 631 - b. Is r composite?
True
Let h = -14 - -9. Let j(a) = -3*a**3 - 7*a**2 - a - 2. Is j(h) a prime number?
False
Let j be 2/(-6) - (-1)/3. Suppose 2*z + z - 21 = j. Let r(o) = -o**3 + 7*o**2 + o + 6. Is r(z) a composite number?
False
Let m(j) = j + 7*j**2 + 8*j - 5 - 3*j. Let c(k) = k**3 - 4*k**2 - 5*k + 4. Let u be c(5). Is m(u) a prime number?
True
Let o(t) = -4 - 2 + 5 - t + 85*t**2. Is o(2) composite?
False
Suppose 9*v + 3498 = 15*v. Is v a composite number?
True
Let a(n) = 5*n**2 + 4*n + 1. Is a(-5) a prime number?
False
Let c(w) be the second derivative of -w**4/12 + 2*w**3 - w**2/2 - 5*w. Is c(8) composite?
False
Let n be ((-6)/(-9))/((-3)/(-9)). Suppose 21 + 233 = n*w. Is w prime?
True
Let n(c) = -145*c - 9. Let i be n(-6). Suppose 4*a = a + i. Is a a prime number?
False
Is 368 + (-4)/4*-3 a prime number?
False
Let m = 2 + 0. Suppose 5*o - k - 111 = 0, 2*o = -3*o - m*k + 108. Is o prime?
False
Let p = -9 + 10. Let i(g) = -3 + 38*g**2 + 3 - g. Is i(p) a composite number?
False
Suppose -g + 10 = -2*g - 4*z, 0 = -5*g + z + 13. Let t be 1/g - 15/2. Let y(h) = -h**3 - 8*h**2 - 7*h + 2. Is y(t) a prime number?
True
Suppose 43 = -w - 84. Let c = 16 - w. Is c a composite number?
True
Let q = -8 + 35. Let i = q - 65. Let s = i - -71. Is s composite?
True
Is 1/((-2 - -5) + -4) + 158 a composite number?
False
Let t = -7 - -11. Suppose 5*x - 9 = 2*u - 0, -t*x = 4. Let s(k) = k**3 + 10*k**2 + 8*k. Is s(u) prime?
False
Suppose -2*q - 4*y = 226, -4*y + 3*y = -5. Let h be (q/(-12))/(1/4). Let a = 64 - h. Is a a composite number?
False
Let z = -20 + 21. Let n(x) = -x. Let c(s) = -19*s. Let r(o) = -c(o) + 6*n(o). Is r(z) a prime number?
True
Let s be 2 + 4 + -1 + -2. Suppose 3*k + s*o = 285, -2*k + 190 = -o + 5*o. Is k composite?
True
Let x = 85 + 25. Let h = -64 + x. Is h a prime number?
False
Let y(i) = 3*i - 1. Let p be y(-3). Let t(j) = -21*j + 13. Is t(p) composite?
False
Is (2507 + -1)*(-1)/(-2) prime?
False
Let u = -160 + 90. Let g = -39 - u. Is g prime?
True
Let b(u) = -15*u + 3. Suppose 0 = -3*c + 2*c - 4. Let a be b(c). Suppose -p + 194 = -a. Is p a prime number?
True
Suppose g - 5*g = 216. Let d = 91 + g. Is d prime?
True
Suppose -2*i - 1364 = -3*i. Suppose -2*v - i = -6*v. Is v composite?
True
Let b be 27/36 + (-6)/8. Is 163 + (b/3)/(-1) a composite number?
False
Let s be 2/(-4) + (-50)/4. Let u be -4 - s - 0/(-2). Suppose 3*c = -v + 20, 0 = 2*c - 5*c + u. Is v a composite number?
False
Let j be 5/(-3) - (-4)/6. Let c be (5 - 4) + (j - 0). Is (-15)/3*(-17 - c) composite?
True
Let x(c) = -c**2 - 3*c + 2. Let b be x(-2). Suppose 5*n + 58 = 3*u, -3*u + b*u - 3*n - 14 = 0. Is u a composite number?
True
Let o be (21/(-9))/(1/3). Let k = -4 - o. Let n = k - -19. Is n prime?
False
Let i(q) = -2*q**3 - 2*q**2 - q - 2. Let s be i(-2). Let a(m) = -m**2 + 10*m + 8. Let h be a(s). Suppose f